 -59?
-16
What is the value of -2 + -1 + -1 + (16 - (-81 - -41))?
52
Calculate 4 + 0 + 151 + -145 + -2 + 16.
24
What is (4 - 2) + -12 - ((5 - -19) + (2 - 45))?
9
What is (5 - (8 - (19 + -7))) + -2?
7
What is the value of -5 - (-3 + -17 + 32 - 19)?
2
Evaluate 377 - 225 - (81 + -5).
76
1 + 46 + (63 - -106) + -97
119
Calculate 2 + -3 - 2 - (-121 + 111) - 16.
-9
What is the value of -15 + 36 - 9 - (31 + -21) - -25?
27
Evaluate -25 + -2 + (-2 - -47) + -56.
-38
What is the value of -39 + (-20 - -66) + (53 - -17)?
77
Calculate -4 + (202 + -192 - (-30 + 0 + 0 + 3)).
33
Calculate 24 + (31 - (72 - 28)) + 15 + 2.
28
Calculate 0 - 41 - (-474 + 437).
-4
Evaluate -95 + 63 + -1 + 21.
-12
What is -119 + 138 + (-112 - -180)?
87
Evaluate 0 + 3 + 3 - (-136 + 206 + -115).
51
(5 - 1) + 76 + (-20 - -31 - -3) + -28
66
23 + (1 - 61) + -9 + 2
-44
What is the value of -1467 + 1415 - (0 - (13 + 2))?
-37
Calculate 2 - 15 - (-75 - (-94 + 41)).
9
-2 + (2 - (3 - 0)) - (2927 + -2919) - 33
-44
Calculate 0 + -1 - (-5 - -32 - (257 + -278)).
-49
What is the value of (-133 - (142 - 234)) + (-13 - -1)?
-53
Calculate 8 - 135 - (1305 + -1431).
-1
-51 - ((-409 - -371) + (63 - 3))
-73
What is the value of -3 + 2 - ((18 - -38) + -55)?
-2
What is -13 + 78 + 16 + (-11 + 2 - -4)?
76
Calculate (-16 - 20 - -12) + 26 + -31.
-29
Calculate -18 - -1 - (10 + 39 + -96).
30
What is (-26 - (23 - 116)) + -56?
11
What is the value of 11 + 47 - 29 - (1 + 3)?
25
14 + (-13 - -24 - 12) - (119 + 0 + 0)
-106
What is the value of -16 - (-12 - (0 + -11) - 17)?
2
(1 - 1) + 6 + (0 - (32 - (4 + -6)))
-28
Calculate (42 - -25 - 10) + (3 - -10) + 9.
79
What is 27 + (2 + 20 - (0 - -38))?
11
What is the value of 658 + -642 + (6 - -1)?
23
24 + -26 + -3 + -1 - 1 - (495 + -481)
-21
What is 2 - (11 - -3) - (23 - (17 + -1))?
-19
Evaluate (1 - -1) + 103 + -5810 + 5800.
95
What is (74 - 10) + (-778 - -780)?
66
Calculate -37 + (8 - (24 + 2)) + (36 - 9).
-28
Calculate 30 - (-4 + 1) - (51 + 56 + -108).
34
Evaluate 18 - (-6 - -21 - (23 + -14 - (0 - -10))).
2
Calculate -9 - (-40 + 25) - (9 + -17 + 98).
-84
Calculate -916 - -864 - (-23 + 0).
-29
10 + (-20 + 2 - (-27 + 42)) - 13
-36
Evaluate (1 - -1) + 8 + -72 + 15 + 43.
-4
-119 + 72 + 59 - (103 + (-2 - -2))
-91
Evaluate -36 + (-7 - -37) + 48.
42
Evaluate (3 - 0) + 1561 + -1529.
35
Evaluate -4 + -2 - -88 - ((9 - 5) + -6).
84
What is 4 + -1 - (-83 + 69 - (4 - 1))?
20
What is the value of -42 + 133 + -100 - (-2 + -139)?
132
Calculate 1 - 11 - ((3 - (3 - 7) - 118) + 9).
92
Calculate 56 - (9 - ((12 - (6 + 4) - 2) + 2)).
49
Evaluate -2 + 11 - (-2 + ((10 - -1) + -6 - -1)).
5
What is 1 + ((33 - 7) + -9 - 3 - (2 - 18))?
31
Evaluate 11 + (-5 - -13) + 49 + -19.
49
5 + -115 + 82 + 5
-23
What is (1 - -9) + (-54 - (19 + -90))?
27
What is the value of 1781 - 1777 - (49 - -5)?
-50
What is 580 + -525 + (-17 - -5)?
43
Evaluate -9 + 0 - -5 - 116 - (16 + -35).
-101
What is the value of -26 - (50 + (-15 - 94))?
33
Evaluate 15 - (-50 + -4) - 110.
-41
2 - ((-6 - -3) + 11) - (-19 + 1)
12
16 - (18 - (3 + (66 - 36)))
31
What is the value of -15 + (-2 + -7 - (7 + -2)) + 6?
-23
What is the value of -8 - -1 - (-15 + (-19 - -60) - (9 + 1))?
-23
What is the value of (-222 - -301) + -99 + 11?
-9
11 - (-12 + 51 + -20 + 13 - 2)
-19
What is the value of 3 + 1 + (120 - 132) + (1 - 19)?
-26
What is the value of -37 - (78 - 40) - -8?
-67
What is -128 + 0 + ((-17 - -1) + 31 - 24) + -6?
-143
What is the value of (3 - 52) + (108 - 15)?
44
What is 89 - (3 + -1 - 1) - (-27 - 28 - -48)?
95
What is -59 + 41 - -36 - -38?
56
Evaluate (57 - (-18 + 61)) + -13 + 10.
11
Calculate (66 - 69) + (-6 - (2 + 8)).
-19
What is the value of (32 - (15 - -28) - -17) + -35?
-29
(27 - 14) + 3 + -1 - 4
11
What is (-24 + 27 + -68 - -26) + 10?
-29
8 + -14 + -1 + (-1 - -2 - 1) + -29
-36
Evaluate (-6 - ((-54 - -32) + 22)) + 28.
22
-14 + (-2 - (9 + -13)) + (-1 - 8)
-21
What is the value of (-25 + (8 - -7) - (0 + -76 + 0)) + 3?
69
What is 251 + -108 - (37 - -38)?
68
Evaluate 19 - (-23 + 12 + 4) - 3.
23
What is 14 + -12 + -4 + (-13 - -17) + -36 + -1?
-35
Evaluate -10 - 1 - (59 - (3 + 20)).
-47
Calculate -36 + (3 - -2 - (-20 - -21) - 7).
-39
Calculate -32 - (-31 - -41 - 29).
-13
Evaluate (22 + (-14 - -10) + -10 - 6) + 13 - -18.
33
What is -147 + -47 + 31 + 31 + 17?
-115
What is the value of 20 + (9 - (-9 - (-26 + -66)))?
-54
What is the value of 8 - (0 + 149 - (-130 + 125)) - (-15 + -1)?
-130
-55 + (-196 - -139) + 199
87
4 - 6 - 0 - -8 - (0 + 15) - -98
89
What is -48 + 6 + 37 + -8 - 22?
-35
Calculate 17 - -2 - (-77 - (33 - 106)).
23
Calculate (-8 - (-14 - -4)) + (40 - 33 - (-65 - 0)).
74
-33 - (-17 + 46) - 16
-78
Evaluate -29 - (-20 - -16 - 8) - 4.
-21
11 + (3 + -24 - 4) - (-2 - (-7 + 1))
-18
(5 + -7 - 1) + 32 - -11
40
8 - -7 - (2 - 10 - (-27 + 35))
31
What is the value of 2 + (30 - 0) + -5 + 31?
58
17 + 38 + 12 - 62
5
Evaluate (-46 - (95 + -51)) + 1 + 22.
-67
Evaluate (-7 + (5 - 1) - -13) + (-3 - (-15 - -32)).
-10
96 + (-6 - (-17 + 12 + 8 + (-10 - 9)))
106
What is -53 + 19 + (47 - 84)?
-71
Evaluate -159 + 185 - (-4 - (3 - -11)).
44
Evaluate (-64 - (-8 - -19)) + 9 + -34 + 26.
-74
Calculate (-37 - -41) + -94 - -32.
-58
Evaluate -6 - 7 - (-37 + -2) - -20.
46
What is (-5 - -77 - -45) + -7 + -19?
91
What is the value of -13 - ((4 - 6) + -20 + 13) - (45 - 2)?
-47
(6 + -6 + -6 - -23) + (24 - 14)
27
Evaluate 13 - -9 - (64 + 61 - 96).
-7
What is -188 + 181 + 0 + -2 - 2 - (-8 - -1)?
-4
Evaluate -2 + 2 + 32 + (-65 - -71) + (-6 - 0).
32
-13 + (-6 - -1) + 308 + -226
64
What is the value of -3 + (0 + -1 - -12 - 21) - 5?
-18
Calculate 6 + -2 - (-135 - (-13 - 132)).
-6
What is the value of 10 + 1 + -1 - 1 - (64 + 36 + -92)?
1
What is the value of (7 - -28) + -463 + 494?
66
What is the value of -86 - (46 - 88) - 85?
-129
3 + -14 + (-4 - -28) + -35
-22
What is -23 - (0 - (-20 - 81 - 4 - -14))?
-114
What is the value of 7233 - 7223 - (0 - (-1 - 18))?
-9
What is the value of -15 + (-24 - (-32 + 71 - -20))?
-98
Evaluate 5 - -2 - (7 - (-4 + 5 + 2) - 46).
49
What is (10 - (-47 + 13)) + -2?
42
What is the value of 80 + 0 + 4738 + -4792?
26
What is the value of (-7 + -9 + 13 - -1) + (28 - (5 - 7))?
28
(14 - 28) + 78 + 30 + -66
28
Evaluate (28 - 4 - (19 + 5)) + (-2 - -52).
50
What is the value of 28 - ((-9 - -1) + 8 + 3 + 6)?
19
-98 - ((7 + 5 - 91) + 36)
-55
Evaluate (90 - 120) + 75 + -4.
41
What is the value of 11 + 52 + -102 - -27?
-12
What is (-53 - (-125 - -76)) + 48?
44
35 - -4 - (193 - -8) - -42
-120
Calculate -1 - ((88 - 66) + (-18 - (9 - 17))).
-13
Calculate 58 + (418 - 436) - (1 + -91).
130
What is the value of -5 + 19 + -1 - (-2 - -11)?
4
What is the value of (-33 - -6) + 62 - 101?
-66
What is the value of -12 + 4 + (49 - (-8 + 48) - (27 - -1))?
-27
What is the value of (250 - 239 - 98) + (0 - 17)?
-104
What is (10638 - 10730) + (-1 - -4)?
-89
(30 - 49) + 20 - (0 - 18)
19
Evaluate 12 + -1 + -12 + (5 - 4) + -97 + 133.
36
-1 - 1 - ((160 - 138) + -102)
78
(-17 - -8) + (0 - (-16 - -8)) + (-1 - 7)
-9
What is the value of -1 + 15 + (-21 - (63 + -59) - (-64 + 0))?
53
-33 - ((-1 - -1) + (66 - 34 - 42))
-23
What is -11 - (16 + -29 + -2) - (3 + -1 + 36)?
-34
Calculate 18 - (15 - (1 - -3 - 0)) - (0 - 109).
116
0 + -5 - (-77 + -78 + 107)
43
-114 + 46 - -15 - -70
17
Evaluate 81 + -72 + (35 - 72).
-28
-18 - -4 - (-17 + 42 + -22)
-17
Evaluate 36 + -39 + -31 + -90 + 53.
-71
Calculate 14 - -4 - 20 - (21 + 1 - (-15 - -11)).
-28
-5 + 18 - (93 - 68) - -64
52
Calculate 20 + -20 + (2 - 19) + 10.
-7
What is 16 + -17 + 8 - 13 - 5 - -60?
49
-162 - (83 + (-11 - 135))
-99
What is the value of 3 - -1 - (-14 + 13 + -10 + 21 - 11)?
5
Calculate 19 - (14 - 6) - (3 + 1 + 0) - -11.
18
What is the value of (13 - (-12 - (-2 - 18))) + 5?
10
What is -1 + -25 - (17 + -14 + -6 + -9)?
-14
What is the value of 13 + (-16 - (-12 - -98) - (4 + 4)) - 16?
-113
19 + (-70 - (-8 + -16)) - (2 + -8)
-21
Calculate 124 + -4 + (13 - -80) + -128.
85
26 - (44 + (62 - 35) + -10)
-35
What is -41 + (2 + -13 - (-38 + 71 + -30))?
-55
What is 23 - (9 - 6 - -7) - (31 - -1)?
-19
Evaluate 3 + -1 + 0 + 0 + 453 + -443 + -159.
-147
Calculate 7 + 10 + 12 + (7 - (13 - 4)).
27
What is (0 - -85 - -12) + 6 + (-3 + 13 - 19)?
94
Evaluate (-4 - 5) + (7 - -41).
39
1 + -4 - (-13 - 0 - (4 + 20 + -22))
12
What is -23 + -65 + 68 + -42?
-62
